67
What are the prime factors of 527?
17, 31
What are the prime factors of 44849?
7, 43, 149
What are the prime factors of 344?
2, 43
What are the prime factors of 57767?
61, 947
What are the prime factors of 4259?
4259
What are the prime factors of 936?
2, 3, 13
List the prime factors of 1474.
2, 11, 67
List the prime factors of 3371.
3371
List the prime factors of 8313.
3, 17, 163
What are the prime factors of 2648?
2, 331
List the prime factors of 6791.
6791
What are the prime factors of 23824?
2, 1489
List the prime factors of 5293.
67, 79
What are the prime factors of 959?
7, 137
List the prime factors of 116.
2, 29
List the prime factors of 2085.
3, 5, 139
List the prime factors of 116.
2, 29
List the prime factors of 68539.
68539
What are the prime factors of 71942?
2, 13, 2767
List the prime factors of 1313.
13, 101
List the prime factors of 24379.
24379
What are the prime factors of 640?
2, 5
What are the prime factors of 2364?
2, 3, 197
What are the prime factors of 787?
787
List the prime factors of 37924.
2, 19, 499
What are the prime factors of 44358?
2, 3, 7393
What are the prime factors of 6518?
2, 3259
List the prime factors of 1345.
5, 269
List the prime factors of 829.
829
List the prime factors of 44909.
44909
What are the prime factors of 3007?
31, 97
List the prime factors of 27352.
2, 13, 263
List the prime factors of 66966.
2, 3, 11161
What are the prime factors of 757?
757
What are the prime factors of 27495?
3, 5, 13, 47
What are the prime factors of 691?
691
What are the prime factors of 4414?
2, 2207
What are the prime factors of 149881?
71, 2111
List the prime factors of 1459.
1459
What are the prime factors of 20960?
2, 5, 131
What are the prime factors of 7626?
2, 3, 31, 41
List the prime factors of 176.
2, 11
What are the prime factors of 3654?
2, 3, 7, 29
List the prime factors of 349.
349
What are the prime factors of 974?
2, 487
List the prime factors of 36263.
36263
List the prime factors of 35542.
2, 13, 1367
What are the prime factors of 193?
193
What are the prime factors of 255?
3, 5, 17
What are the prime factors of 321?
3, 107
List the prime factors of 5579.
7, 797
What are the prime factors of 23132?
2, 5783
List the prime factors of 147580.
2, 5, 47, 157
List the prime factors of 97400.
2, 5, 487
List the prime factors of 1575.
3, 5, 7
What are the prime factors of 1092?
2, 3, 7, 13
List the prime factors of 53812.
2, 11, 1223
What are the prime factors of 9690?
2, 3, 5, 17, 19
List the prime factors of 204.
2, 3, 17
What are the prime factors of 280?
2, 5, 7
What are the prime factors of 116279?
116279
What are the prime factors of 1818?
2, 3, 101
What are the prime factors of 57590?
2, 5, 13, 443
List the prime factors of 73964.
2, 11, 41
What are the prime factors of 25423?
25423
List the prime factors of 3676.
2, 919
What are the prime factors of 145?
5, 29
List the prime factors of 194424.
2, 3, 8101
What are the prime factors of 99548?
2, 41, 607
List the prime factors of 12611.
12611
What are the prime factors of 44373?
3, 7, 2113
What are the prime factors of 21229?
13, 23, 71
What are the prime factors of 5627?
17, 331
List the prime factors of 41220.
2, 3, 5, 229
List the prime factors of 4458.
2, 3, 743
What are the prime factors of 406?
2, 7, 29
List the prime factors of 50837.
29, 1753
List the prime factors of 6558.
2, 3, 1093
What are the prime factors of 36616?
2, 23, 199
List the prime factors of 179.
179
List the prime factors of 1083.
3, 19
List the prime factors of 6110.
2, 5, 13, 47
What are the prime factors of 2556?
2, 3, 71
List the prime factors of 12259.
13, 23, 41
What are the prime factors of 166175?
5, 17, 23
What are the prime factors of 1007?
19, 53
List the prime factors of 2246.
2, 1123
List the prime factors of 2372.
2, 593
List the prime factors of 5592.
2, 3, 233
List the prime factors of 57258.
2, 3, 3181
List the prime factors of 198.
2, 3, 11
List the prime factors of 3522.
2, 3, 587
List the prime factors of 2079.
3, 7, 11
List the prime factors of 162.
2, 3
List the prime factors of 6086.
2, 17, 179
List the prime factors of 4585.
5, 7, 131
What are the prime factors of 5453?
7, 19, 41
List the prime factors of 29930.
2, 5, 41, 73
List the prime factors of 132150.
2, 3, 5, 881
What are the prime factors of 9801?
3, 11
What are the prime factors of 11884?
2, 2971
List the prime factors of 1423.
1423
List the prime factors of 3313.
3313
What are the prime factors of 19789?
7, 11, 257
What are the prime factors of 319?
11, 29
List the prime factors of 14231.
7, 19, 107
List the prime factors of 202.
2, 101
List the prime factors of 6232.
2, 19, 41
List the prime factors of 5064.
2, 3, 211
What are the prime factors of 5309?
5309
What are the prime factors of 956?
2, 239
What are the prime factors of 52258?
2, 17, 29, 53
What are the prime factors of 11540?
2, 5, 577
What are the prime factors of 3968?
2, 31
List the prime factors of 11891.
11, 23, 47
List the prime factors of 114.
2, 3, 19
List the prime factors of 2858.
2, 1429
What are the prime factors of 49177?
49177
List the prime factors of 2648.
2, 331
List the prime factors of 39982.
2, 19991
List the prime factors of 207.
3, 23
What are the prime factors of 15799?
7, 37, 61
What are the prime factors of 1779?
3, 593
List the prime factors of 5804.
2, 1451
What are the prime factors of 3652?
2, 11, 83
List the prime factors of 2229.
3, 743
What are the prime factors of 41653?
23, 1811
What are the prime factors of 23375?
5, 11, 17
What are the prime factors of 12389?
13, 953
List the prime factors of 32926.
2, 101, 163
What are the prime factors of 1210?
2, 5, 11
List the prime factors of 16148.
2, 11, 367
List the prime factors of 1176.
2, 3, 7
List the prime factors of 3310.
2, 5, 331
What are the prime factors of 1540?
2, 5, 7, 11
List the prime factors of 4050.
2, 3, 5
List the prime factors of 102598.
2, 43, 1193
List the prime factors of 794.
2, 397
List the prime factors of 52223.
52223
What are the prime factors of 19306?
2, 7, 197
List the prime factors of 666.
2, 3, 37
What are the prime factors of 863?
863
What are the prime factors of 3001?
3001
What are the prime factors of 536?
2, 67
What are the prime factors of 2389?
2389
What are the prime factors of 65322?
2, 3, 19, 191
List the prime factors of 637.
7, 13
List the prime factors of 2398.
2, 11, 109
What are the prime factors of 21491?
21491
What are the prime factors of 12679?
31, 409
What are the prime factors of 2157?
3, 719
What are the prime factors of 5925?
3, 5, 79
List the prime factors of 14745.
3, 5, 983
What are the prime factors of 728?
2, 7, 13
List the prime factors of 11269.
59, 191
List the prime factors of 334.
2, 167
List the prime factors of 8051.
83, 97
What are the prime factors of 8161?
8161
What are the prime factors of 1479?
3, 17, 29
What are the prime factors of 657?
3, 73
What are the prime factors of 953?
953
List the prime factors of 22187.
11, 2017
List the prime factors of 2335.
5, 467
What are the prime factors of 12188?
2, 11, 277
What are the prime factors of 3277?
29, 113
What are the prime factors of 624?
2, 3, 13
List the prime factors of 25710.
2, 3, 5, 857
List the prime factors of 75.
3, 5
What are the prime factors of 66195?
3, 5, 1471
List the prime factors of 26904.
2, 3, 19, 59
What are the prime factors of 937?
937
List the prime factors of 6483.
3, 2161
List the prime factors of 2602.
2, 1301
What are the prime factors of 206750?
2, 5, 827
List the prime factors of 40413.
3, 19, 709
List the prime factors of 11014.
2, 5507
List the prime factors of 5903.
5903
List the prime factors of 1313.
13, 101
What are the prime factors of 55550?
2, 5, 11, 101
What are the prime factors of 983?
983
List the prime factors of 805.
5, 7, 23
What are the prime factors of 1278?
2, 3, 71
List the prime factors of 257.
257
What are the prime factors of 1354?
2, 677
What are the prime factors of 729?
3
List the prime factors of 18471.
3, 47, 131
What are the prime factors of 2147?
19, 113
What are the prime factors of 8728?
2, 1091
What are the prime factors of 3715?
5, 743
List the prime factors of 7351.
7351
What are the prime factors of 1523?
1523
What are the prime factors of 3621?
3, 17, 71
List the prim